er when 74 is divided by p.
17
Let o = 62 - 33. What is the remainder when 52 is divided by o?
23
Suppose 0 = q - 3*l - 23, 4*q + 3*l = 53 - 6. Let s = 49 + -8. Suppose c - s = -0*c. Calculate the remainder when c is divided by q.
13
Let r be (4/4)/(1/8). Suppose 0 = 5*d + 2*p - 16, 4*p - r + 20 = d. Suppose 3*u + 2*x = 2, -4*x + 3*x + d = 3*u. Calculate the remainder when 2 is divided by u.
0
Let o = -7 - -15. Calculate the remainder when 20 is divided by o.
4
What is the remainder when (-4)/14 - (-1808)/56 is divided by 17?
15
Suppose -y + 2*y = 4. Let q(f) = -f**3 + 3*f**2 + 6*f - 6. Let j be q(y). What is the remainder when 3 is divided by 3 + -3 + j + 0?
1
Suppose 0 = 3*v + b - 21, -3*v - 3*b + 22 = -5. Let n = 10 - v. Suppose 2*q - n - 2 = 0. What is the remainder when q is divided by 2?
1
Let w = 25 - 6. Calculate the remainder when w is divided by 9.
1
Suppose 3*r - 5 - 7 = 0. What is the remainder when 9 is divided by r?
1
Suppose 0 = -4*p + 2 + 2. Let w(q) = 16*q + 1. What is the remainder when 65 is divided by w(p)?
14
Suppose 0 = 25*d - 18*d - 287. What is the remainder when d is divided by 16?
9
Let b = 113 + -99. Calculate the remainder when 111 is divided by b.
13
Let x be (30/(-21))/((-2)/14). Let b = -6 + x. What is the remainder when 7 is divided by b?
3
Let v = 61 + -20. What is the remainder when v is divided by 12?
5
Let c = -50 + 58. Let k(y) = -y**2 - 5*y - 1. Calculate the remainder when c is divided by k(-4).
2
Suppose -46 = -g - 4*o + 36, 3*g - 5*o - 161 = 0. Calculate the remainder when g is divided by 16.
14
Suppose -124 = -8*b + 4*b. Calculate the remainder when b is divided by 8.
7
Let o(a) = -a**3 - 2*a**2 - 2*a - 2. Let j be o(-2). Suppose 0 = z - 6*z + k + 2, -j*z + 14 = 4*k. What is the remainder when z is divided by 1?
0
Suppose y = -x + 36, 0 = 4*x - 4*y - 108 - 20. What is the remainder when 67 is divided by x?
33
Let c(i) = i**3 - 5*i**2 - 7*i + 6. Let r be c(6). What is the remainder when -2 + (-3 - -52) + r is divided by 16?
15
Let i(t) = t**3 - 3*t**2 + 6*t - 6. Let v = -1 - -5. Suppose -v*y + y = -54. What is the remainder when i(4) is divided by y?
16
Let k = -17 + 30. Suppose t = k + 1. Calculate the remainder when 52 is divided by t.
10
Suppose -6*n + 3*n - 4*h = -275, 4*n + 3*h = 362. Calculate the remainder when n is divided by 46.
43
Let c = -136 - -250. Suppose 2*y = -5*o + 165 + c, o = 2*y + 63. What is the remainder when o is divided by 30?
27
Let w(l) = l**3 + 10*l**2 + 7*l - 8. What is the remainder when 19 is divided by w(-9)?
9
Let y(n) = -n**3 - 1. Let c be y(-1). Suppose -k + 5 + 6 = c. What is the remainder when 21 is divided by k?
10
Let l be 70/22 - 6/33. Suppose l*v + 62 = 179. Suppose 6*r - 110 = r + 2*s, -5 = r + 5*s. What is the remainder when v is divided by r?
19
Let z(d) = -d**3 - 16*d**2 + 17*d + 14. Let x = 5 + -7. Calculate the remainder when 29 + (-4 - (0 + x)) is divided by z(-17).
13
Suppose -2*s + 20 = -6*s, 0 = -2*d - 3*s - 15. Suppose -35 = -x - d*x. Calculate the remainder when x is divided by 18.
17
Let a = 23 - 8. Suppose 87 + 81 = 6*c. Suppose c = j - 31. Calculate the remainder when j is divided by a.
14
Calculate the remainder when (4/(-6))/(2/(-129)) is divided by 22.
21
Let y be (-29)/(-3) - 1/(-3). Let f = 15 - y. Suppose -4*x = -5*x + 3. Calculate the remainder when f is divided by x.
2
Let j = -105 + 125. Let h(y) be the first derivative of -y**2/2 + 5*y - 1. Calculate the remainder when j is divided by h(-6).
9
Let r(g) = g + 3. What is the remainder when 9 is divided by r(3)?
3
Let q be (0/(-1))/(-5 - -6). Suppose q*t = t - 2. Calculate the remainder when t is divided by 1.
0
Let a = 75 + -81. Let v(l) be the first derivative of -l**4/4 - 5*l**3/3 + 2*l**2 + 3*l + 1. What is the remainder when 44 is divided by v(a)?
14
Suppose 3*t - 60 = -t. Calculate the remainder when 44 is divided by t.
14
Let z(l) = -3*l - 28. Calculate the remainder when 13 is divided by z(-11).
3
Suppose -45 = 4*v - 9*v. Suppose 5*h - 168 = h. Calculate the remainder when h is divided by v.
6
Let l = 3 + 13. Calculate the remainder when l is divided by 9.
7
Let l(v) = 7*v**3 - v**2 + 1. Suppose 3*x - 2*x = -1. Let w be l(x). Let y(t) = -t + 7. What is the remainder when 27 is divided by y(w)?
13
Let v = -6 - -8. Suppose -2*f + 6*f - 2 = 5*d, -5*d - 3*f - 16 = 0. Calculate the remainder when 4 is divided by 7/v + 1/d.
1
Suppose 0*p + 5*p - 1713 = -k, 0 = -5*p - 5*k + 1725. What is the remainder when p is divided by 43?
41
Let j = -23 - -32. What is the remainder when j is divided by 4?
1
Suppose -4*a + 2 = -14. Let c = -11 + -4. What is the remainder when 15 is divided by ((-24)/c)/a*15?
3
Suppose 0 = 6*s - 4*s - 42. Let r = 67 + -27. Calculate the remainder when r is divided by s.
19
Let i = -151 + 162. What is the remainder when 43 is divided by i?
10
Let f = 2 + -2. Suppose -2*d - 2*a - 8 = -0*a, f = 3*d + 4*a + 10. Let t(c) = c**3 + 5*c**2 - 9*c - 5. What is the remainder when 24 is divided by t(d)?
11
Let t = -11 - -21. Calculate the remainder when 34 - 5 - (0 + 0) is divided by t.
9
Suppose -68 = -5*m + 2*q, 0*m = 4*m - 5*q - 68. Suppose -4*x - 5*a = -165, a + 59 = 2*x - 6. What is the remainder when x is divided by m?
11
Let o = 5 + -1. Suppose -3*i - 10 = 2*i. What is the remainder when o is divided by (i/4)/((-5)/30)?
1
Suppose 2*t = 5*t - 246. What is the remainder when t is divided by 14?
12
Suppose -5*x = -x - 16. Calculate the remainder when 7 is divided by x.
3
Suppose -4*x = x + 5. Let u = x + 5. Suppose 0 = u*d + 10 + 10, -a = -2*d - 60. What is the remainder when a is divided by 13?
11
Let y(k) = -k + 10. What is the remainder when 20 is divided by y(3)?
6
Let j be (38/3)/((-1)/(-3)). Suppose -j = 4*x - 5*x. Calculate the remainder when x is divided by (-1)/(-4) + 102/8.
12
Let f(s) = -3*s. Let b = 16 - -31. What is the remainder when b is divided by f(-4)?
11
Let c(k) = -k**3 + 7*k**2 + 2*k - 8. Let x be c(7). What is the remainder when (x/4)/(2/72) is divided by 14?
12
Suppose 3*o - 2*q = 87 + 32, o - 37 = 2*q. Let r(c) = -2*c**2 + 6*c + 6. Let u be r(5). What is the remainder when o is divided by (-21)/u*(-56)/(-6)?
13
Let s(l) = 7*l + 5. Let f(r) = 35*r + 26. Let z(j) = 2*f(j) - 11*s(j). Calculate the remainder when z(-2) is divided by 4.
3
Let a = -44 - -63. Let z(d) = 11*d + 1. Calculate the remainder when z(5) is divided by a.
18
Let p(q) = q**3 - 5*q**2 + 4*q - 5. Let n be p(5). Let o = n - 9. Suppose -d - 5*f + o = 14, 4*f = -8. What is the remainder when 5 is divided by d?
1
Let u = 5 + 8. Let z(c) = -3*c**3 - c**2 - 2*c - 1. Let x be z(-1). Suppose x*v - 100 = -v. What is the remainder when v is divided by u?
12
Suppose 3*x - 2*u + 0*u = 45, u - 75 = -5*x. Calculate the remainder when ((-260)/x)/((-2)/3) is divided by 3/(6/(-28))*-1.
12
Let b(j) = j**2 + j - 2. Let p be b(-3). Suppose 2*i - 85 = -3*i - p*y, y = -5*i + 85. What is the remainder when 50 is divided by i?
16
Suppose -3*p = -5*k - 0*p + 574, k - 98 = -5*p. Suppose 4*y - 5*z = 283, y + 5*z + 11 - k = 0. Calculate the remainder when y is divided by 16.
13
Suppose -3*t - 1 + 130 = 0. What is the remainder when t/3 + (-1)/3 is divided by (-22)/(-4) - 2/4?
4
Suppose -4*j = -j - 24. Suppose 11 = 5*t + 1. Suppose 2*c - t - 4 = 0. Calculate the remainder when j is divided by c.
2
Suppose 5*k - 4*z = 419, 4*k + 2*z = 343 + 13. Calculate the remainder when k is divided by 22.
21
Suppose 6*u - 2*u - 69 = -3*c, -3*u = -5*c + 144. What is the remainder when 79 is divided by c?
25
Suppose 4*m - 172 = -0*m. Let k(n) = n**3 - 8*n**2 - 9*n. Let o be k(9). What is the remainder when m is divided by -3 + 16 - o - -2?
13
Let q = -11 - -10. Let l(o) = -7*o**3 - 1. Calculate the remainder when 9 is divided by l(q).
3
Let g = -11 - -3. Let w(z) = -z - 5. Let t be w(g). Suppose 14 + 1 = t*y. Calculate the remainder when 14 is divided by y.
4
Let a(c) = -c**2 - 6*c - 2. Let v(p) = -3*p**2 - 19*p - 7. Let k(r) = -11*a(r) + 4*v(r). Calculate the remainder when 34 is divided by k(-6).
16
Let r(t) = -t**2 - t + 6. Let k be -2 + (-2 - -3) - -1. Let q be r(k). Suppose -w - q = -34. What is the remainder when w is divided by 10?
8
Let v(b) = -4*b**2 + 1. Let g be v(1). Let u = 4 - 3. What is the remainder when u is divide